e the third derivative of -k**6/120 + k**4/8 + k**3/6 + k**2. Let y be (-2)/(-6) - (-65)/(-15). Let w be -5 + 2/y*-6. Calculate d(w).
3
Let q(l) = -3*l. Let k(f) = f**2 - 3*f - 2. Let g be k(3). Calculate q(g).
6
Let k(v) be the third derivative of v**6/30 + 11*v**2 - v. What is k(1)?
4
Let t be 0/26 - 4/2. Let d(g) be the first derivative of g**3/3 - g**2 - 3*g - 1. Calculate d(t).
5
Let p(v) = -v**3 - 3*v**2 + 3*v - 5. Let h = 0 + 3. Suppose 0 = -h*z + z. Let j = -4 - z. Calculate p(j).
-1
Let j(i) = -i + 2*i**2 + 1138 - 573 - 566. Suppose 0 = 5*v - 2*v + 3. What is j(v)?
2
Let v be 16/(-20) - 1/5. Let o = v - 4. Let p(q) = 2*q + 6. Give p(o).
-4
Let f(h) be the third derivative of h**7/2520 + h**6/180 + h**5/30 + 5*h**2. Let x(u) be the third derivative of f(u). What is x(-3)?
-2
Let r(c) = -4*c + 6. Let a(v) = 2*v - 1. Let b(d) = 5*a(d) + r(d). What is b(-2)?
-11
Suppose 2*g - 25 = 3*c, 3*g - 4*c - 36 = -0*g. Let r(i) = -i - 6. Give r(g).
-14
Let p(k) be the first derivative of -3*k**2/2 + 1. Determine p(-3).
9
Suppose 4*x = -4*u - u - 33, -2*u - 2 = 0. Let s(m) = -8*m**2 - 11*m + 11. Let a(t) = -7*t**2 - 10*t + 10. Let c(q) = x*a(q) + 6*s(q). Determine c(-6).
8
Let f(k) be the first derivative of k**2 - k + 1. Let n be f(-2). Let t(y) = -46*y**3 - 3 - 5*y**2 + 45*y**3 - 2 + 3. Calculate t(n).
-2
Suppose -2 = 4*h - 14. Let l(c) = 2*c**2 + 3 + 2*c + c**2 + 0*c + c**h. Suppose -3*w = -3*m + 6, 28 = -4*m - 4*w - w. Calculate l(m).
3
Let k(t) = -2 - 3*t + 0*t + 4*t. Let r(i) = -i**3 - 6*i**2 - 5*i + 5. Let s be r(-5). Give k(s).
3
Let d(p) be the third derivative of p**4/12 - 41*p**2. Suppose 4*n + 14 = j, 2*j + 16 = -0*n - 3*n. Determine d(j).
-4
Let g(v) be the first derivative of -v**6/360 + v**5/20 + v**4/8 + v**3 - 3. Let c(a) be the third derivative of g(a). Calculate c(6).
3
Suppose 3*l - 10 = -2*l, 4*l = 3*q - 13. Let d(r) = r**2 - 8*r + 2. Determine d(q).
-5
Suppose 2*t + 6 - 6 = 0. Let s(g) be the first derivative of 1/3*g**3 + 3*g + 1/4*g**4 + 4 + t*g**2. Determine s(0).
3
Suppose 0 = -3*z - 2 - 58. Let y be 4/(-10) - (-132)/z. Let x(w) = -3*w**2 - 4*w + 6. Let t(m) = 4*m**2 + 3*m - 7. Let h(i) = 2*t(i) + 3*x(i). What is h(y)?
-3
Let t(o) be the second derivative of o**5/20 + o**4/4 + o**3/2 + 3*o. Suppose 0 = -0*n - n - 2. Give t(n).
-2
Let t(q) = q**2 - 2*q - 1. Let y(b) = 3*b**2 - 6*b - 4. Let g(u) = -11*t(u) + 4*y(u). Calculate g(4).
3
Let z(t) = t**2 + 2*t - 2. Let m(i) = -i**3 + 4*i**2 - 4*i + 3. Let b(a) = a**2 - 9*a + 10. Let o be b(8). Let f be m(o). Determine z(f).
13
Let y(x) = x + 1. Let o(l) = -l**2 - 7*l - 2. Let w be o(-7). Let d be y(w). Let i(m) = -5*m**2. Give i(d).
-5
Let s(r) = 7*r**3 - 9*r**2 - 3*r - 2. Let d(p) = -6*p**3 + 8*p**2 + 3*p + 2. Let h(c) = 6*d(c) + 5*s(c). What is h(4)?
-2
Let g(v) = -v**3 - 6*v**2 - 4*v + 7. Let o be g(-5). Let d(a) = 10*a**2 - 14*a**o - a + 0*a. Determine d(-1).
-3
Let u(a) = -a**3 - 5*a**2 - 4*a - 2. Suppose -2 = w - 5. Suppose -16 = -w*o + 7*o. What is u(o)?
-2
Let l = -11 - -13. Let x(s) = 2*s**l - 51 + 51 + s**3 - 2*s. Give x(-3).
-3
Let h(o) be the second derivative of -1/4*o**4 + 1/2*o**3 + 0 - 3/2*o**2 - 5*o. Give h(2).
-9
Let p(j) = -4*j + 66. Let g be p(18). Let t(z) = z**3 + 7*z**2 + 4*z + 2. Determine t(g).
14
Suppose 3*o + d = 16, 7 = 2*o - 4*d + 1. Suppose 5*q - o = 10. Let f(g) = 3*g + 4*g**2 - 2*g + 3*g**3 + 4 - 2*g**q. Give f(-4).
0
Suppose -48 + 8 = 10*n. Let s(h) be the first derivative of h**2/2 + 3*h - 1. Calculate s(n).
-1
Let a(q) = q**2 + 7*q + 6. Suppose c + 26 = 4*t, 2 = 2*c + 2*t + 4. Calculate a(c).
0
Let l(p) = -p**2 - 5*p + 1. Let n be l(-6). Let s(y) = -y**2 - 8*y - 2. Let g be 3/9 + 11/3. Let z(v) = v**2 + 7*v + 1. Let u(x) = g*z(x) + 3*s(x). Give u(n).
3
Suppose 3*i - 8 - 1 = 0. Let l(w) = -w + 3 + 2 + 1 - i. Give l(4).
-1
Let g(h) be the second derivative of -h**5/20 + 7*h**4/12 - 2*h**3/3 + 4*h**2 + 24*h. Give g(6).
20
Suppose -n = 4*n. Let i be (1 + n)*(-5)/1. Let m(f) = 4*f - 3 - 4 + f**2 - f. Calculate m(i).
3
Suppose -5*f = -27 - 18. Let j(o) = 3 - o**2 - 2*o + f*o - 4*o. Calculate j(4).
-1
Suppose 0 = 15*i - 8*i + 21. Let h(j) = 3*j - 1. Let y(v) = -v + 1. Let n(m) = h(m) + 2*y(m). What is n(i)?
-2
Let p be (-4)/12*3 - -10. Let i(o) = -3*o**2 - 9*o + 3. Let y(v) = 7*v**2 + 19*v - 7. Let s(c) = p*i(c) + 4*y(c). Calculate s(5).
-1
Let c(w) = 2 - 8*w**2 - 3 + 2*w**2. Suppose 4*n = 12 + 8. Suppose -n*h - 24 = r, -5*r + 25 + 5 = -5*h. Calculate c(r).
-7
Let z(o) = -o**3 + o**2 + o - 2. Suppose 3*b - 2*b + 10 = -4*k, 0 = -3*b - 3*k - 12. Give z(b).
8
Let p(v) = v**3 - 7*v**2 + v - 3. Let d(r) = -r**3 + 9*r**2 + 2*r - 11. Suppose -5*o + 9 = -4*o. Let q be d(o). Calculate p(q).
4
Let n(z) be the second derivative of -z**2 + z**3 + 1/12*z**4 + 0 - z. Let t(k) = -5*k**2. Let p be t(1). Calculate n(p).
-7
Suppose -3*b = -b - 3*b. Let u(y) be the second derivative of 0 - 1/12*y**4 + 0*y**3 - y - 5/2*y**2. What is u(b)?
-5
Let o(h) = -h**2 - 6*h - 3. Let c be 3/(-12) + (-15)/4. Determine o(c).
5
Let g be (4/(-6))/((-4)/30). Let i be 6 + 0 + 0 - 1. Suppose 10 = g*t - i. Let a(h) = 2*h - 1. Calculate a(t).
5
Let s(a) = -a**2 - 5*a - 1. Let n be s(-4). Let u(l) = -l - 4. Let m(g) = g + 3. Let f(w) = n*m(w) + 2*u(w). Determine f(-7).
-6
Let g(k) = -k**2 - 8*k - 7. Let b be g(-7). Let s(c) be the third derivative of 1/60*c**5 + b*c - c**2 + 0 - 1/6*c**4 + c**3. Give s(4).
6
Let c(j) = 4*j**2. Let l(t) = t**3 - 3*t**2 - 5*t - 1. Let d be l(4). Let x(g) = -7*g**2. Let b(i) = d*c(i) - 3*x(i). Give b(-2).
4
Let t(l) = 3*l**3 + 5*l**2 - 8*l - 5. Let o(r) = 5*r**3 + 10*r**2 - 15*r - 9. Let v(x) = 4*o(x) - 7*t(x). Let g be 2/(((-4)/8)/(-1)). Calculate v(g).
-1
Let i(l) be the second derivative of l**5/20 + 5*l**4/12 - l**3/6 + l. Let o be i(-5). Let m(g) = 4*g**2 + 6*g - 2*g - 5*g**2 + 5. Give m(o).
0
Suppose 0 = -3*z - 0*z + 27. Suppose 4*a + 22 = 3*y - y, 4*y - a = z. Let d(u) = 5*u. Calculate d(y).
5
Let u be 0/(((-1)/1)/1). Let g(q) = q**2 + 2*q + 1. Let k(o) = -o**2 - o. Let n(r) = -g(r) - 2*k(r). What is n(u)?
-1
Let a be -10*-8*1/(-2). Let s be (6/24)/((-2)/a). Suppose 4*o - 1 = -s. Let j(p) = 6*p**2 - p - 1. Calculate j(o).
6
Let x = -20 - -14. Let f(l) = l**2 + 7*l + 3. Calculate f(x).
-3
Let h(w) = w**3 + 6*w**2 + 4*w - 2. Let r(n) = n**3 + 6*n**2 - 5. Let a be r(-6). Give h(a).
3
Let j(i) = -i - 6. Suppose -4*y - 2*h = 3*h - 11, -y = 3*h - 1. Let r(c) = -c**2 + c + 7. Let o be r(y). Determine j(o).
-1
Let b be 3 + -4 - 8/(-2). Let h(o) be the first derivative of 2*o**3/3 - 5*o**2/2 + 4*o + 2. What is h(b)?
7
Let r(q) = -5*q**3 - 4*q**2 + 3*q - 1. Let t(o) = -o**3. Let m(b) = b**2 - b - 1. Let p be m(0). Let k = p - 5. Let w(l) = k*t(l) + r(l). Give w(2).
-3
Let f be 9*((-4)/6 + 1). Let p(x) = x**3 - 2*x**2 - x - 3. Let h be p(f). Let n be (h + -4)*0/(-2). Let d(r) = r**2 - r + 8. Give d(n).
8
Let m(l) = -8*l - 35. Let u(w) = -3*w - 12. Suppose 3*n = 5*z + 37, -4*n - 2*z + 4 = -2. Let i(f) = n*m(f) - 11*u(f). Give i(5).
-3
Let m(y) = 3 - y - 3 - 15*y**2 + 0. Give m(-1).
-14
Suppose 0 = k + 4*k - 15. Let d(h) = 3*h**2 - 3*h**3 - 2*h**3 + 3*h + 4*h**k - 3. What is d(3)?
6
Let d(i) = 4*i**2 - 3*i - 6. Let c(h) = -11*h**2 + 9*h + 17. Let q(f) = 3*c(f) + 8*d(f). Calculate q(-2).
-7
Let p(j) = -j + j - 2*j**2 - 3*j - j**3 + 2*j**3. Calculate p(4).
20
Suppose 12 = t - 5*t. Let l(d) = 2*d**3 - d**2 - 2. Let w(a) = a**3 - a**2 - 1. Let h(r) = t*l(r) + 5*w(r). Let f(y) = y + 3. Let q be f(-4). Determine h(q).
0
Let p(k) = -9*k**2 + 2*k + 2. Let g be p(-1). Let y(c) = c**2 + 9*c + 1. Give y(g).
1
Let a = 7 - 6. Let z(k) = 3*k + 1. Determine z(a).
4
Suppose 21*p + 32 = 17*p. Let g(j) = j + 6. What is g(p)?
-2
Let v(o) = -4*o**3 + o**2 + o**3 + 3*o**3 + o**3 - 2*o. What is v(-3)?
-12
Suppose -4 = -5*o - 29. Let a(v) = v**3 + 6*v**2 + 2*v - 7. Give a(o).
8
Let x(z) be the second derivative of -2*z + 1/60*z**5 + 0 + 0*z**4 - 1/120*z**6 - 1/3*z**3 - 1/2*z**2. Let c(a) be the first derivative of x(a). What is c(0)?
-2
Let x(y) be the first derivative of y**2 + 2*y - 45. Suppose 1 = -c - 1. What is x(c)?
-2
Let s(x) = x + 1. Let i(h) = 5*h + 17. Let w = 4 - 10. Let a(v) = w*s(v) + i(v). Determine a(6).
5
Let u be (4/(-12))/(1/(-6)). Let d(b) = 0 + 0*b + 1 - 5*b - u + b*